{"id":2385,"date":"2016-11-07T00:31:33","date_gmt":"2016-11-06T23:31:33","guid":{"rendered":"http:\/\/parafiasmardzewo.pl\/wp-content\/uploads\/2016\/10\/15_czuwanie-m\u0142odzie\u017cy-22-62.jpg"},"modified":"2016-11-07T00:31:33","modified_gmt":"2016-11-06T23:31:33","slug":"15_czuwanie-mlodziezy-22-6","status":"inherit","type":"attachment","link":"https:\/\/parafiasmardzewo.pl\/?attachment_id=2385","title":{"rendered":"15_czuwanie-m\u0142odzie\u017cy-22 (6)"},"author":1,"comment_status":"open","ping_status":"open","template":"","meta":[],"description":{"rendered":"<p class=\"attachment\"><a href='https:\/\/parafiasmardzewo.pl\/wp-content\/uploads\/2016\/10\/15_czuwanie-m\u0142odzie\u017cy-22-62.jpg'><img width=\"199\" height=\"300\" src=\"https:\/\/parafiasmardzewo.pl\/wp-content\/uploads\/2016\/10\/15_czuwanie-m\u0142odzie\u017cy-22-62-199x300.jpg\" class=\"attachment-medium size-medium\" alt=\"\" loading=\"lazy\" srcset=\"https:\/\/parafiasmardzewo.pl\/wp-content\/uploads\/2016\/10\/15_czuwanie-m\u0142odzie\u017cy-22-62-199x300.jpg 199w, https:\/\/parafiasmardzewo.pl\/wp-content\/uploads\/2016\/10\/15_czuwanie-m\u0142odzie\u017cy-22-62-680x1024.jpg 680w, https:\/\/parafiasmardzewo.pl\/wp-content\/uploads\/2016\/10\/15_czuwanie-m\u0142odzie\u017cy-22-62.jpg 731w\" sizes=\"(max-width: 199px) 100vw, 199px\" \/><\/a><\/p>\n"},"caption":{"rendered":""},"alt_text":"","media_type":"image","mime_type":"image\/jpeg","media_details":{"width":731,"height":1100,"file":"2016\/10\/15_czuwanie-m\u0142odzie\u017cy-22-62.jpg","sizes":{"thumbnail":{"file":"15_czuwanie-m\u0142odzie\u017cy-22-62-150x150.jpg","width":150,"height":150,"mime_type":"image\/jpeg","source_url":"https:\/\/parafiasmardzewo.pl\/wp-content\/uploads\/2016\/10\/15_czuwanie-m\u0142odzie\u017cy-22-62-150x150.jpg"},"medium":{"file":"15_czuwanie-m\u0142odzie\u017cy-22-62-199x300.jpg","width":199,"height":300,"mime_type":"image\/jpeg","source_url":"https:\/\/parafiasmardzewo.pl\/wp-content\/uploads\/2016\/10\/15_czuwanie-m\u0142odzie\u017cy-22-62-199x300.jpg"},"large":{"file":"15_czuwanie-m\u0142odzie\u017cy-22-62-680x1024.jpg","width":680,"height":1024,"mime_type":"image\/jpeg","source_url":"https:\/\/parafiasmardzewo.pl\/wp-content\/uploads\/2016\/10\/15_czuwanie-m\u0142odzie\u017cy-22-62-680x1024.jpg"},"post-thumbnail":{"file":"15_czuwanie-m\u0142odzie\u017cy-22-62-731x658.jpg","width":731,"height":658,"mime_type":"image\/jpeg","source_url":"https:\/\/parafiasmardzewo.pl\/wp-content\/uploads\/2016\/10\/15_czuwanie-m\u0142odzie\u017cy-22-62-731x658.jpg"},"full":{"file":"15_czuwanie-m\u0142odzie\u017cy-22-62.jpg","width":731,"height":1100,"mime_type":"image\/jpeg","source_url":"https:\/\/parafiasmardzewo.pl\/wp-content\/uploads\/2016\/10\/15_czuwanie-m\u0142odzie\u017cy-22-62.jpg"}},"image_meta":{"aperture":7.1,"credit":"","camera":"NIKON D90","caption":"","created_timestamp":1443823743,"copyright":"","focal_length":"80","iso":"2000","shutter_speed":"0.016666666666667","title":"","orientation":1}},"post":1501,"source_url":"https:\/\/parafiasmardzewo.pl\/wp-content\/uploads\/2016\/10\/15_czuwanie-m\u0142odzie\u017cy-22-62.jpg","_links":{"self":[{"href":"https:\/\/parafiasmardzewo.pl\/index.php?rest_route=\/wp\/v2\/media\/2385"}],"collection":[{"href":"https:\/\/parafiasmardzewo.pl\/index.php?rest_route=\/wp\/v2\/media"}],"about":[{"href":"https:\/\/parafiasmardzewo.pl\/index.php?rest_route=\/wp\/v2\/types\/attachment"}],"author":[{"embeddable":true,"href":"https:\/\/parafiasmardzewo.pl\/index.php?rest_route=\/wp\/v2\/users\/1"}],"replies":[{"embeddable":true,"href":"https:\/\/parafiasmardzewo.pl\/index.php?rest_route=%2Fwp%2Fv2%2Fcomments&post=2385"}]}}

http://parafiasmardzewo.pl/wp-content/uploads/2016/10/15_czuwanie-młodzieży-22-62.jpg

15_czuwanie-młodzieży-22 (6)

<p class="attachment"><a href='https://parafiasmardzewo.pl/wp-content/uploads/2016/10/15_czuwanie-młodzieży-22-62.jpg'><img width="199" height="300" src="https://parafiasmardzewo.pl/wp-content/uploads/2016/10/15_czuwanie-młodzieży-22-62-199x300.jpg" class="attachment-medium size-medium" alt="" loading="lazy" srcset="https://parafiasmardzewo.pl/wp-content/uploads/2016/10/15_czuwanie-młodzieży-22-62-199x300.jpg 199w, https://parafiasmardzewo.pl/wp-content/uploads/2016/10/15_czuwanie-młodzieży-22-62-680x1024.jpg 680w, https://parafiasmardzewo.pl/wp-content/uploads/2016/10/15_czuwanie-młodzieży-22-62.jpg 731w" sizes="(max-width: 199px) 100vw, 199px" /></a></p>

2016/10/15_czuwanie-młodzieży-22-62.jpg

15_czuwanie-młodzieży-22-62-150x150.jpg

https://parafiasmardzewo.pl/wp-content/uploads/2016/10/15_czuwanie-młodzieży-22-62-150x150.jpg

15_czuwanie-młodzieży-22-62-199x300.jpg

https://parafiasmardzewo.pl/wp-content/uploads/2016/10/15_czuwanie-młodzieży-22-62-199x300.jpg

15_czuwanie-młodzieży-22-62-680x1024.jpg

https://parafiasmardzewo.pl/wp-content/uploads/2016/10/15_czuwanie-młodzieży-22-62-680x1024.jpg

15_czuwanie-młodzieży-22-62-731x658.jpg

https://parafiasmardzewo.pl/wp-content/uploads/2016/10/15_czuwanie-młodzieży-22-62-731x658.jpg

15_czuwanie-młodzieży-22-62.jpg

https://parafiasmardzewo.pl/wp-content/uploads/2016/10/15_czuwanie-młodzieży-22-62.jpg
