{"id":101,"date":"2016-02-07T09:32:40","date_gmt":"2016-02-07T09:32:40","guid":{"rendered":"http:\/\/parafiasmardzewo.pl\/?page_id=101"},"modified":"2016-11-27T11:25:59","modified_gmt":"2016-11-27T10:25:59","slug":"sakrament-chorych","status":"publish","type":"page","link":"https:\/\/parafiasmardzewo.pl\/?page_id=101","title":{"rendered":"Sakrament Chorych"},"content":{"rendered":"<p style=\"text-align: justify;\"><script type=\"text\/javascript\">\/\/ <![CDATA[\nfunction pokarz(co) {\nvar liczbaPaneli = 6;\n     do {\n            var panel = document.getElementById(\"o\"+liczbaPaneli);\n            if (co == liczbaPaneli)\n                 panel.style.display = \"initial\";\n            else\n                 panel.style.display = \"none\";\n         liczbaPaneli--;\n     }\n     while (liczbaPaneli>0)\n  }\n\/\/ ]]><\/script><\/p>\n<h3 style=\"text-align: justify;\"><a><img loading=\"lazy\" class=\"alignnone size-full wp-image-216\" src=\"http:\/\/parafiasmardzewo.pl\/wp-content\/uploads\/2016\/02\/chorych.jpg\" alt=\"chorych\" width=\"252\" height=\"200\" \/><\/a><\/h3>\n<h3 style=\"text-align: justify;\">\u201eChoruje kto\u015b w\u015br\u00f3d was? Niech sprowadzi kap\u0142an\u00f3w Ko\u015bcio\u0142a, by si\u0119 modlili nad nim i\u00a0nama\u015bcili go olejem w\u00a0imi\u0119 Pana. A modlitwa pe\u0142na wiary niech b\u0119dzie dla chorego ratunkiem i\u00a0Pan go pod\u017awignie, a\u00a0je\u015bliby pope\u0142ni\u0142 grzechy, b\u0119d\u0105 mu odpuszczone\u201d (JK 5, 14-15). \u0141aska, kt\u00f3r\u0105 otrzymali\u015bmy przez \u015bmier\u0107 i\u00a0zmartwychwstanie Chrystusa, sp\u0142ywa na cz\u0142owieka r\u00f3wnie\u017c w\u00a0tych ci\u0119\u017ckich dla niego chwilach. Ma przynie\u015b\u0107 nie tylko ulg\u0119 i\u00a0zdrowie choremu, o\u00a0co prosimy w\u00a0modlitwach, ale ma przede wszystkim chorego umocni\u0107, pomaga mu te\u017c dostrzec chrze\u015bcija\u0144sk\u0105 warto\u015b\u0107 cierpienia. A je\u015bli choroba jest \u015bmiertelna, ma cz\u0142owieka nape\u0142ni\u0107 pokojem i\u00a0umocni\u0107 nadziej\u0119 spotkania z\u00a0Chrystusem na progu nowego, wiecznego \u017cycia. Przyjmuj\u0105cy ten sakrament powinien by\u0107 w\u00a0stanie \u0142aski u\u015bwi\u0119caj\u0105cej. Je\u017celi jednak chory nie mo\u017ce si\u0119 spowiada\u0107, to sakrament Namaszczenia Chorych w\u0142asn\u0105 moc\u0105 odpuszcza grzechy, o\u00a0ile chory pragnie dost\u0105pi\u0107 przebaczenia.<\/h3>\n<h3 style=\"text-align: justify;\">Sakramentu Namaszczenia Chorych udziela si\u0119 chorym, namaszczaj\u0105c ich na czole i\u00a0d\u0142oniach olejem z\u00a0oliwek lub stosownie do okoliczno\u015bci innym olejem ro\u015blinnym, nale\u017cycie po\u015bwi\u0119conym, wymawiaj\u0105c nast\u0119puj\u0105ce s\u0142owa: \u201e<b>Przez to \u015bwi\u0119te namaszczenie niech Pan w\u00a0swoim niesko\u0144czonym mi\u0142osierdziu wspomo\u017ce ciebie \u0142ask\u0105 Ducha \u015awi\u0119tego. Amen. Pan, kt\u00f3ry odpuszcza ci grzechy, niech ci\u0119 wybawi i\u00a0\u0142askawie pod\u017awignie. Amen\u201d. <\/b><br \/>\nW pokoju chorego nale\u017cy przygotowa\u0107 st\u00f3\u0142 w\u00a0takim miejscu, aby chory m\u00f3g\u0142 go widzie\u0107,zapalone \u015bwiece, wod\u0119 \u015bwi\u0119con\u0105 i\u00a0kropid\u0142o, talerzyk z\u00a0wat\u0105, sol\u0105 i\u00a0kawa\u0142kiem chleba (do oczyszczenia palc\u00f3w z\u00a0oleju \u015bwi\u0119tego). Je\u017celi chory przyst\u0119puje do Komunii \u015awi\u0119tej, nale\u017cy tak\u017ce przygotowa\u0107 szklank\u0119 z\u00a0wod\u0105 i\u00a0\u0142y\u017ceczk\u0105.<\/h3>\n<div id=\"o6\" style=\"display: none;\">\n<p style=\"text-align: justify;\"><b>1526<\/b> <i>\u201eChoruje kto\u015b w\u015br\u00f3d was? Niech sprowadzi kap\u0142an\u00f3w Ko\u015bcio\u0142a, by si\u0119 modlili nad nim i\u00a0nama\u015bcili go olejem w\u00a0imi\u0119 Pana. A\u00a0modlitwa pe\u0142na wiary b\u0119dzie dla chorego ratunkiem i\u00a0Pan go pod\u017awignie, a\u00a0je\u015bliby pope\u0142ni\u0142 grzechy, b\u0119d\u0105 mu odpuszczone\u201d (Jk 5,14-15).<\/i><\/p>\n<p style=\"text-align: justify;\"><b>1527<\/b> <i>Sakrament namaszczenia chorych udziela specjalnej \u0142aski chrze\u015bcijaninowi, kt\u00f3ry do\u015bwiadcza trudno\u015bci zwi\u0105zanych ze stanem ci\u0119\u017ckiej choroby lub staro\u015bci.<\/i><\/p>\n<p style=\"text-align: justify;\"><b>1528<\/b><i> Stosowny czas na przyj\u0119cie namaszczenia chorych zachodzi wtedy, gdy wierny staje wobec niebezpiecze\u0144stwa \u015bmierci z\u00a0powodu choroby lub staro\u015bci.<\/i><\/p>\n<p style=\"text-align: justify;\"><b>1529<\/b> <i>Za ka\u017cdym razem, gdy chrze\u015bcijanin zostaje dotkni\u0119ty ci\u0119\u017ck\u0105 chorob\u0105, mo\u017ce otrzyma\u0107 \u015bwi\u0119te namaszczenie; r\u00f3wnie\u017c wtedy, gdy ju\u017c raz je przyj\u0105\u0142 i\u00a0nast\u0105pi\u0142o nasilenie si\u0119 choroby.<\/i><\/p>\n<p style=\"text-align: justify;\"><b>1530<\/b> <i>Sakramentu namaszczenia chorych mog\u0105 udziela\u0107 tylko kap\u0142ani (prezbiterzy lub biskupi). Przy jego sprawowaniu u\u017cywaj\u0105 oni oleju po\u015bwi\u0119conego przez biskupa lub w\u00a0razie potrzeby przez samego prezbitera, kt\u00f3ry celebruje ten sakrament.<\/i><\/p>\n<p style=\"text-align: justify;\"><b>1531<\/b> <i>Istota celebracji tego sakramentu polega na namaszczeniu czo\u0142a i\u00a0r\u0105k chorego (w obrz\u0105dku rzymskim) lub innych cz\u0119\u015bci cia\u0142a (w obrz\u0105dkach wschodnich); namaszczeniu towarzyszy modlitwa liturgiczna kap\u0142ana \u2013 celebransa, kt\u00f3ry prosi o\u00a0specjaln\u0105 \u0142ask\u0119 tego sakramentu.<\/i><\/p>\n<p style=\"text-align: justify;\"><b>1532<\/b> <i>Skutki specjalnej \u0142aski sakramentu namaszczenia chorych s\u0105 nast\u0119puj\u0105ce:<\/i><\/p>\n<ul>\n<li style=\"text-align: justify;\">zjednoczenie chorego z\u00a0m\u0119k\u0105 Chrystusa dla jego w\u0142asnego dobra oraz dla dobra ca\u0142ego Ko\u015bcio\u0142a;<\/li>\n<li style=\"text-align: justify;\"><i>umocnienie, pok\u00f3j i\u00a0odwaga, by przyjmowa\u0107 po chrze\u015bcija\u0144sku cierpienia choroby lub staro\u015bci;<\/i><\/li>\n<li style=\"text-align: justify;\"><i>przebaczenie grzech\u00f3w, je\u015bli chory nie m\u00f3g\u0142 go otrzyma\u0107 przez sakrament pokuty;<\/i><\/li>\n<li style=\"text-align: justify;\"><i>powr\u00f3t do zdrowia, je\u015bli to s\u0142u\u017cy dobru duchowemu;<\/i><\/li>\n<li style=\"text-align: justify;\"><i>przygotowanie na przej\u015bcie do \u017cycia wiecznego.<\/i><\/li>\n<\/ul>\n<\/div>\n","protected":false},"excerpt":{"rendered":"<p>\u201eChoruje kto\u015b w\u015br\u00f3d was? Niech sprowadzi kap\u0142an\u00f3w Ko\u015bcio\u0142a, by si\u0119 modlili nad nim i\u00a0nama\u015bcili go olejem w\u00a0imi\u0119 Pana. A modlitwa pe\u0142na wiary niech b\u0119dzie dla chorego ratunkiem i\u00a0Pan go pod\u017awignie, a\u00a0je\u015bliby pope\u0142ni\u0142 grzechy, b\u0119d\u0105 mu odpuszczone\u201d (JK 5, 14-15). \u0141aska, kt\u00f3r\u0105 otrzymali\u015bmy przez \u015bmier\u0107 i\u00a0zmartwychwstanie Chrystusa, sp\u0142ywa na cz\u0142owieka r\u00f3wnie\u017c w\u00a0tych ci\u0119\u017ckich dla niego chwilach. &hellip; <\/p>\n<p><a class=\"more-link btn\" href=\"https:\/\/parafiasmardzewo.pl\/?page_id=101\">Kontynuuj czytanie<\/a><\/p>\n","protected":false},"author":1,"featured_media":216,"parent":90,"menu_order":5,"comment_status":"closed","ping_status":"closed","template":"","meta":[],"_links":{"self":[{"href":"https:\/\/parafiasmardzewo.pl\/index.php?rest_route=\/wp\/v2\/pages\/101"}],"collection":[{"href":"https:\/\/parafiasmardzewo.pl\/index.php?rest_route=\/wp\/v2\/pages"}],"about":[{"href":"https:\/\/parafiasmardzewo.pl\/index.php?rest_route=\/wp\/v2\/types\/page"}],"author":[{"embeddable":true,"href":"https:\/\/parafiasmardzewo.pl\/index.php?rest_route=\/wp\/v2\/users\/1"}],"replies":[{"embeddable":true,"href":"https:\/\/parafiasmardzewo.pl\/index.php?rest_route=%2Fwp%2Fv2%2Fcomments&post=101"}],"version-history":[{"count":4,"href":"https:\/\/parafiasmardzewo.pl\/index.php?rest_route=\/wp\/v2\/pages\/101\/revisions"}],"predecessor-version":[{"id":2978,"href":"https:\/\/parafiasmardzewo.pl\/index.php?rest_route=\/wp\/v2\/pages\/101\/revisions\/2978"}],"up":[{"embeddable":true,"href":"https:\/\/parafiasmardzewo.pl\/index.php?rest_route=\/wp\/v2\/pages\/90"}],"wp:featuredmedia":[{"embeddable":true,"href":"https:\/\/parafiasmardzewo.pl\/index.php?rest_route=\/wp\/v2\/media\/216"}],"wp:attachment":[{"href":"https:\/\/parafiasmardzewo.pl\/index.php?rest_route=%2Fwp%2Fv2%2Fmedia&parent=101"}],"curies":[{"name":"wp","href":"https:\/\/api.w.org\/{rel}","templated":true}]}}