{"id":3201,"date":"2017-02-01T20:35:34","date_gmt":"2017-02-01T19:35:34","guid":{"rendered":"http:\/\/parafiasmardzewo.pl\/?page_id=3201"},"modified":"2017-03-10T22:48:48","modified_gmt":"2017-03-10T21:48:48","slug":"rada-gospodarcza","status":"publish","type":"page","link":"https:\/\/parafiasmardzewo.pl\/?page_id=3201","title":{"rendered":"Rada Gospodarcza"},"content":{"rendered":"<p class=\"western\" style=\"text-align: center;\"><span style=\"font-size: large;\"><b>Cz\u0142onkowie Rady Gospodarczej Parafii \u015bw. Stanis\u0142awa Kostki <\/b><\/span><\/p>\n<p class=\"western\" style=\"text-align: center;\"><span style=\"font-size: large;\"><b>w Smardzewie \u2013 2017 rok<\/b><\/span><\/p>\n<ol style=\"font-size: medium;\">\n<li><span style=\"font-size: large;\">Banasiewicz\u00a0 Marek<\/span><\/li>\n<li>Cendrowska Ewa<\/li>\n<li>Dalgiewicz\u00a0 El\u017cbieta<\/li>\n<li>D\u0142ugo\u0142\u0119cka El\u017cbieta<\/li>\n<li>Drogosz Wies\u0142aw<\/li>\n<li>Geller Bo\u017cena<\/li>\n<li>Gierkowski Wies\u0142aw<\/li>\n<li>Grabowski Grzegorz<\/li>\n<li>Morawski Krzysztof<\/li>\n<li>Piotrowska Marta<\/li>\n<li>Rachocka Maria<\/li>\n<li>Sikorski Zbigniew<\/li>\n<li>Sosi\u0144ska Hanna<\/li>\n<li>Szcze\u015bniewski\u00a0 Bogdan<\/li>\n<li>Szcze\u015bniewski\u00a0 J\u00f3zef<\/li>\n<li>Wiktorowicz Jadwiga<\/li>\n<\/ol>\n<p>&nbsp;<\/p>\n<p>&nbsp;<\/p>\n<p align=\"center\"><span style=\"font-family: 'Times New Roman', serif;\"><span style=\"font-size: medium;\"><b><span style=\"font-family: Arial, serif;\"><span style=\"font-size: large;\">STATUT PARAFIALNEJ RADY GOSPODARCZEJ <\/span><\/span><\/b><\/span><\/span><\/p>\n<p align=\"center\"><span style=\"font-size: medium;\"><b><span style=\"font-family: Arial, serif;\">Powo\u0142anie Rady<\/span><\/b><\/span><\/p>\n<ol style=\"font-size: medium;\">\n<li style=\"text-align: justify;\">W\u00a0ka\u017cdej parafii proboszcz ma obowi\u0105zek powo\u0142ania Parafialnej Rady Gospodarczej, kt\u00f3rej zadaniem jest \u015bwiadczenie pomocy w\u00a0admi\u00adnistrowaniu parafialnym maj\u0105tkiem ko\u015bcielnym (KPK, kan.\u00a0537 i\u00a0kan.\u00a01280).<\/li>\n<li style=\"text-align: justify;\">Parafialna Rada Gospodarcza sk\u0142ada si\u0119 z\u00a0trzech lub wi\u0119cej os\u00f3b, w\u00a0zale\u017cno\u015bci od\u00a0wielko\u015bci parafii. Jako norm\u0119 powinno si\u0119 przyj\u0105\u0107 zasad\u0119 reprezentacji zar\u00f3wno w\u00a0sensie terytorialnym, jak i\u00a0spo\u0142ecznym.<\/li>\n<li style=\"text-align: justify;\">Cz\u0142onk\u00f3w Rady wybiera proboszcz wed\u0142ug w\u0142asnego rozeznania. Cz\u0142onkami Rady nie mog\u0105 by\u0107 jednak krewni i\u00a0powinowaci proboszcza. W\u00a0sk\u0142ad Rady powinni wchodzi\u0107 wikariusze i\u00a0parafianie oddani Ko\u015bcio\u0142owi, ciesz\u0105cy si\u0119 dobr\u0105 opini\u0105 oraz powszech\u00adnym zaufaniem.<\/li>\n<li style=\"text-align: justify;\">Ustalony przez proboszcza sk\u0142ad Rady zatwierdza dziekan. Dla rad parafii dzieka\u0144skich jednostk\u0105 nadrz\u0119dn\u0105 jest Kuria Diecezjalna.<\/li>\n<li style=\"text-align: justify;\">Przed\u00a0obj\u0119ciem funkcji cz\u0142onkowie Rady sk\u0142adaj\u0105 na\u00a0r\u0119ce proboszcza, podczas Mszy \u015awi\u0119tej niedzielnej, nast\u0119puj\u0105ce przyrzeczenie:<br \/>\n<em>&#8220;Ja N.N. przyrzekam Bogu Wszechmog\u0105cemu w\u00a0Tr\u00f3jcy \u015awi\u0119tej Jedynemu, \u017ce powierzon\u0105 mi funkcj\u0119 cz\u0142onka Rady Gospodarczej b\u0119d\u0119 spe\u0142nia\u0107 wed\u0142ug najlepszej swej woli, zgodnie z\u00a0moim sumieniem i\u00a0przepisami prawa ko\u015bcielnego. Tak mi dopom\u00f3\u017c B\u00f3g\u201d.<\/em><br \/>\nPrzysi\u0119g\u0119 t\u0119 wypowiada si\u0119 na\u00a0Ewangeli\u0119 z\u00a0jej uca\u0142owaniem.<\/li>\n<li style=\"text-align: justify;\">\u00a71. Kadencja Rady trwa\u00a05 lat. Ci sami cz\u0142onkowie mog\u0105 by\u0107 wybierani na\u00a0nast\u0119pne kadencje.<br \/>\n\u00a72. W\u00a0nadzwyczajnych i\u00a0uzasadnionych przypadkach proboszcz mo\u017ce odwo\u0142a\u0107 cz\u0142onka Rady, zawiadamiaj\u0105c dziekana i\u00a0uzasadniaj\u0105c wobec niego swoj\u0105 decyzj\u0119.<br \/>\n\u00a73. Na\u00a0rozwi\u0105zanie Rady przed\u00a0up\u0142ywem jej kadencji proboszcz powinien uzyska\u0107 pisemn\u0105 zgod\u0119 dziekana.<\/li>\n<li style=\"text-align: justify;\">Dzia\u0142alno\u015b\u0107 Rady ustaje po\u00a0kanonicznym obj\u0119ciu parafii przez nowego proboszcza, kt\u00f3ry powinien wybra\u0107 now\u0105 Rad\u0119 w\u00a0ci\u0105gu sze\u015bciu miesi\u0119cy.<\/li>\n<li style=\"text-align: justify;\">Wakans w\u00a0sk\u0142adzie Rady uzupe\u0142nia proboszcz, informuj\u0105c o\u00a0tym dziekana.<\/li>\n<li style=\"text-align: justify;\">Cz\u0142onkowie Rady spe\u0142niaj\u0105 swoje czynno\u015bci bezp\u0142atnie.<\/li>\n<\/ol>\n<p style=\"text-align: center;\" align=\"center\"><span style=\"font-size: medium;\"><b><span style=\"font-family: Arial, serif;\">Kompetencje i\u00a0dzia\u0142alno\u015b\u0107 Rady<\/span><\/b><\/span><\/p>\n<ol style=\"font-size: medium; text-align: justify;\">\n<li>Rada jest organem doradczym, wspomagaj\u0105cym proboszcza. Jej ustalenia stanowi\u0105 wskazania, kt\u00f3re proboszcz powinien uwzgl\u0119dni\u0107.<\/li>\n<li>Do\u00a0kompetencji Rady Gospodarczej nale\u017c\u0105 wy\u0142\u0105cznie sprawy maj\u0105tkowe i\u00a0finansowe parafii.<\/li>\n<li>\u00a71. Do\u00a0proboszcza nale\u017cy zwo\u0142ywanie Rady, ustalanie porz\u0105dku obrad, przewodniczenie obradom, nadz\u00f3r nad\u00a0wykonaniem podj\u0119tych postanowie\u0144 i\u00a0reprezentowanie Rady.<br \/>\n\u00a72. Zebrania Rady odbywaj\u0105 si\u0119 przynajmniej dwa razy w\u00a0roku.<\/li>\n<li>\u00a71. Wszyscy cz\u0142onkowie Rady powinni by\u0107 powiadomieni o\u00a0posiedzeniu Rady.<br \/>\n\u00a72. Obrady odbywaj\u0105 si\u0119 w\u00a0urz\u0119dowych pomieszczeniach parafii.<br \/>\n\u00a73. Uczestnicy posiedze\u0144 zobowi\u0105zani s\u0105 do\u00a0zachowania tajemnicy, chyba \u017ce z\u00a0natury poszczeg\u00f3lnych postanowie\u0144 wynika ich publiczny charakter.<\/li>\n<li>Rada wybiera spo\u015br\u00f3d siebie sekretarza, kt\u00f3ry sporz\u0105dza pro\u00adtoko\u0142y z\u00a0poszczeg\u00f3lnych posiedze\u0144.<\/li>\n<li>Rada, w\u00a0zale\u017cno\u015bci od\u00a0Biskupa P\u0142ockiego, pomaga w\u00a0zarz\u0105dzie maj\u0105tkiem parafialnym, a\u00a0w\u00a0szczeg\u00f3lno\u015bci:<\/li>\n<\/ol>\n<ol style=\"font-size: medium; text-align: justify;\" type=\"a\">\n<li>czuwa nad\u00a0ca\u0142o\u015bci\u0105 inwentarza ko\u015bcielnego i\u00a0beneficjalnego, zw\u0142aszcza przy\u00a0zmianie na\u00a0stanowisku proboszcza;<\/li>\n<li>s\u0142u\u017cy proboszczowi pomoc\u0105 przy\u00a0wykonywaniu podj\u0119tych zada\u0144, takich jak:<br \/>\n\u2013\u00a0budowa nowych czy remont starych obiekt\u00f3w ko\u015bcielnych;<br \/>\n\u2013\u00a0wyszu\u00adkiwanie, zakup oraz przew\u00f3z potrzebnych materia\u0142\u00f3w budowlanych;<br \/>\n\u2013\u00a0sprawowanie nadzoru przy\u00a0robotach;<br \/>\n\u2013\u00a0pomoc w\u00a0zdobywaniu i\u00a0pozyski\u00adwaniu \u015brodk\u00f3w finansowych;<br \/>\n\u2013\u00a0pomoc w\u00a0znalezieniu odpowiednich fa\u00adchowc\u00f3w, w\u00a0prowadzeniu gospodarstwa, wydzier\u017cawianiu grunt\u00f3w itp.;<\/li>\n<li>s\u0142u\u017cy proboszczowi rad\u0105 w\u00a0ocenie inicjatyw oraz projekt\u00f3w, wnoszonych pod\u00a0obrady, opiniuj\u0105c ich celowo\u015b\u0107 i\u00a0mo\u017cliwo\u015bci realizacyjne;<\/li>\n<li>opiniuje warunki pracy i\u00a0p\u0142acy sta\u0142ych i\u00a0czasowych pracownik\u00f3w ko\u015bcielnych, anga\u017cowanych przez proboszcza, oraz ich zwalniania z\u00a0pracy i\u00a0zatrudniania nowych.<\/li>\n<\/ol>\n<ol style=\"font-size: medium; text-align: justify;\" start=\"16\" type=\"1\">\n<li>W\u00a0szczeg\u00f3lny spos\u00f3b powierza si\u0119 cz\u0142onkom Rady opiek\u0119 nad\u00a0maj\u0105tkiem parafialnym w\u00a0nadzwyczajnych okoliczno\u015bciach:<\/li>\n<\/ol>\n<ol style=\"font-size: medium; text-align: justify;\" type=\"a\">\n<li>w\u00a0razie \u015bmierci proboszcza lub gdy zachodzi inna powa\u017cna przeszkoda z\u00a0jego strony, a\u00a0w\u00a0parafii nie ma formalnego zast\u0119pcy, radni niezw\u0142ocznie powiadamiaj\u0105 dziekana;<\/li>\n<li>podobnie w\u00a0przypadkach losowych, jak po\u017car, kradzie\u017c itp., zaistnia\u0142ych podczas nieobecno\u015bci proboszcza, cz\u0142onkowie Rady powinni otoczy\u0107 szczeg\u00f3ln\u0105 opiek\u0105 i\u00a0trosk\u0105 dobra materialne i\u00a0podj\u0105\u0107 w\u00a0imieniu proboszcza w\u0142a\u015bciwe dzia\u0142ania zabezpieczaj\u0105ce.<\/li>\n<\/ol>\n<ol style=\"font-size: medium;\" start=\"17\" type=\"1\">\n<li style=\"text-align: justify;\">R\u00f3\u017cnice stanowisk, kt\u00f3re mog\u0105 powsta\u0107 mi\u0119dzy proboszczem a\u00a0cz\u0142onkami Rady, rozstrzyga dziekan jako instancja nadrz\u0119dna, Kuria Diecezjalna za\u015b jako instancja ostateczna.<\/li>\n<\/ol>\n","protected":false},"excerpt":{"rendered":"<p>Cz\u0142onkowie Rady Gospodarczej Parafii \u015bw. Stanis\u0142awa Kostki w Smardzewie \u2013 2017 rok Banasiewicz\u00a0 Marek Cendrowska Ewa Dalgiewicz\u00a0 El\u017cbieta D\u0142ugo\u0142\u0119cka El\u017cbieta Drogosz Wies\u0142aw Geller Bo\u017cena Gierkowski Wies\u0142aw Grabowski Grzegorz Morawski Krzysztof Piotrowska Marta Rachocka Maria Sikorski Zbigniew Sosi\u0144ska Hanna Szcze\u015bniewski\u00a0 Bogdan Szcze\u015bniewski\u00a0 J\u00f3zef Wiktorowicz Jadwiga &nbsp; &nbsp; STATUT PARAFIALNEJ RADY GOSPODARCZEJ Powo\u0142anie Rady W\u00a0ka\u017cdej parafii proboszcz &hellip; <\/p>\n<p><a class=\"more-link btn\" href=\"https:\/\/parafiasmardzewo.pl\/?page_id=3201\">Kontynuuj czytanie<\/a><\/p>\n","protected":false},"author":1,"featured_media":0,"parent":9,"menu_order":0,"comment_status":"open","ping_status":"open","template":"","meta":[],"_links":{"self":[{"href":"https:\/\/parafiasmardzewo.pl\/index.php?rest_route=\/wp\/v2\/pages\/3201"}],"collection":[{"href":"https:\/\/parafiasmardzewo.pl\/index.php?rest_route=\/wp\/v2\/pages"}],"about":[{"href":"https:\/\/parafiasmardzewo.pl\/index.php?rest_route=\/wp\/v2\/types\/page"}],"author":[{"embeddable":true,"href":"https:\/\/parafiasmardzewo.pl\/index.php?rest_route=\/wp\/v2\/users\/1"}],"replies":[{"embeddable":true,"href":"https:\/\/parafiasmardzewo.pl\/index.php?rest_route=%2Fwp%2Fv2%2Fcomments&post=3201"}],"version-history":[{"count":13,"href":"https:\/\/parafiasmardzewo.pl\/index.php?rest_route=\/wp\/v2\/pages\/3201\/revisions"}],"predecessor-version":[{"id":3295,"href":"https:\/\/parafiasmardzewo.pl\/index.php?rest_route=\/wp\/v2\/pages\/3201\/revisions\/3295"}],"up":[{"embeddable":true,"href":"https:\/\/parafiasmardzewo.pl\/index.php?rest_route=\/wp\/v2\/pages\/9"}],"wp:attachment":[{"href":"https:\/\/parafiasmardzewo.pl\/index.php?rest_route=%2Fwp%2Fv2%2Fmedia&parent=3201"}],"curies":[{"name":"wp","href":"https:\/\/api.w.org\/{rel}","templated":true}]}}

<p class="western" style="text-align: center;"><span style="font-size: large;"><b>Członkowie Rady Gospodarczej Parafii św. Stanisława Kostki </b></span></p>
<p class="western" style="text-align: center;"><span style="font-size: large;"><b>w Smardzewie – 2017 rok</b></span></p>
<ol style="font-size: medium;">
<li><span style="font-size: large;">Banasiewicz  Marek</span></li>
<li>Cendrowska Ewa</li>
<li>Dalgiewicz  Elżbieta</li>
<li>Długołęcka Elżbieta</li>
<li>Drogosz Wiesław</li>
<li>Geller Bożena</li>
<li>Gierkowski Wiesław</li>
<li>Grabowski Grzegorz</li>
<li>Morawski Krzysztof</li>
<li>Piotrowska Marta</li>
<li>Rachocka Maria</li>
<li>Sikorski Zbigniew</li>
<li>Sosińska Hanna</li>
<li>Szcześniewski  Bogdan</li>
<li>Szcześniewski  Józef</li>
<li>Wiktorowicz Jadwiga</li>
</ol>
<p>&nbsp;</p>
<p>&nbsp;</p>
<p align="center"><span style="font-family: 'Times New Roman', serif;"><span style="font-size: medium;"><b><span style="font-family: Arial, serif;"><span style="font-size: large;">STATUT PARAFIALNEJ RADY GOSPODARCZEJ </span></span></b></span></span></p>
<p align="center"><span style="font-size: medium;"><b><span style="font-family: Arial, serif;">Powołanie Rady</span></b></span></p>
<ol style="font-size: medium;">
<li style="text-align: justify;">W każdej parafii proboszcz ma obowiązek powołania Parafialnej Rady Gospodarczej, której zadaniem jest świadczenie pomocy w admi­nistrowaniu parafialnym majątkiem kościelnym (KPK, kan. 537 i kan. 1280).</li>
<li style="text-align: justify;">Parafialna Rada Gospodarcza składa się z trzech lub więcej osób, w zależności od wielkości parafii. Jako normę powinno się przyjąć zasadę reprezentacji zarówno w sensie terytorialnym, jak i społecznym.</li>
<li style="text-align: justify;">Członków Rady wybiera proboszcz według własnego rozeznania. Członkami Rady nie mogą być jednak krewni i powinowaci proboszcza. W skład Rady powinni wchodzić wikariusze i parafianie oddani Kościołowi, cieszący się dobrą opinią oraz powszech­nym zaufaniem.</li>
<li style="text-align: justify;">Ustalony przez proboszcza skład Rady zatwierdza dziekan. Dla rad parafii dziekańskich jednostką nadrzędną jest Kuria Diecezjalna.</li>
<li style="text-align: justify;">Przed objęciem funkcji członkowie Rady składają na ręce proboszcza, podczas Mszy Świętej niedzielnej, następujące przyrzeczenie:<br />
<em>&#8220;Ja N.N. przyrzekam Bogu Wszechmogącemu w Trójcy Świętej Jedynemu, że powierzoną mi funkcję członka Rady Gospodarczej będę spełniać według najlepszej swej woli, zgodnie z moim sumieniem i przepisami prawa kościelnego. Tak mi dopomóż Bóg”.</em><br />
Przysięgę tę wypowiada się na Ewangelię z jej ucałowaniem.</li>
<li style="text-align: justify;">§1. Kadencja Rady trwa 5 lat. Ci sami członkowie mogą być wybierani na następne kadencje.<br />
§2. W nadzwyczajnych i uzasadnionych przypadkach proboszcz może odwołać członka Rady, zawiadamiając dziekana i uzasadniając wobec niego swoją decyzję.<br />
§3. Na rozwiązanie Rady przed upływem jej kadencji proboszcz powinien uzyskać pisemną zgodę dziekana.</li>
<li style="text-align: justify;">Działalność Rady ustaje po kanonicznym objęciu parafii przez nowego proboszcza, który powinien wybrać nową Radę w ciągu sześciu miesięcy.</li>
<li style="text-align: justify;">Wakans w składzie Rady uzupełnia proboszcz, informując o tym dziekana.</li>
<li style="text-align: justify;">Członkowie Rady spełniają swoje czynności bezpłatnie.</li>
</ol>
<p style="text-align: center;" align="center"><span style="font-size: medium;"><b><span style="font-family: Arial, serif;">Kompetencje i działalność Rady</span></b></span></p>
<ol style="font-size: medium; text-align: justify;">
<li>Rada jest organem doradczym, wspomagającym proboszcza. Jej ustalenia stanowią wskazania, które proboszcz powinien uwzględnić.</li>
<li>Do kompetencji Rady Gospodarczej należą wyłącznie sprawy majątkowe i finansowe parafii.</li>
<li>§1. Do proboszcza należy zwoływanie Rady, ustalanie porządku obrad, przewodniczenie obradom, nadzór nad wykonaniem podjętych postanowień i reprezentowanie Rady.<br />
§2. Zebrania Rady odbywają się przynajmniej dwa razy w roku.</li>
<li>§1. Wszyscy członkowie Rady powinni być powiadomieni o posiedzeniu Rady.<br />
§2. Obrady odbywają się w urzędowych pomieszczeniach parafii.<br />
§3. Uczestnicy posiedzeń zobowiązani są do zachowania tajemnicy, chyba że z natury poszczególnych postanowień wynika ich publiczny charakter.</li>
<li>Rada wybiera spośród siebie sekretarza, który sporządza pro­tokoły z poszczególnych posiedzeń.</li>
<li>Rada, w zależności od Biskupa Płockiego, pomaga w zarządzie majątkiem parafialnym, a w szczególności:</li>
</ol>
<ol style="font-size: medium; text-align: justify;" type="a">
<li>czuwa nad całością inwentarza kościelnego i beneficjalnego, zwłaszcza przy zmianie na stanowisku proboszcza;</li>
<li>służy proboszczowi pomocą przy wykonywaniu podjętych zadań, takich jak:<br />
– budowa nowych czy remont starych obiektów kościelnych;<br />
– wyszu­kiwanie, zakup oraz przewóz potrzebnych materiałów budowlanych;<br />
– sprawowanie nadzoru przy robotach;<br />
– pomoc w zdobywaniu i pozyski­waniu środków finansowych;<br />
– pomoc w znalezieniu odpowiednich fa­chowców, w prowadzeniu gospodarstwa, wydzierżawianiu gruntów itp.;</li>
<li>służy proboszczowi radą w ocenie inicjatyw oraz projektów, wnoszonych pod obrady, opiniując ich celowość i możliwości realizacyjne;</li>
<li>opiniuje warunki pracy i płacy stałych i czasowych pracowników kościelnych, angażowanych przez proboszcza, oraz ich zwalniania z pracy i zatrudniania nowych.</li>
</ol>
<ol style="font-size: medium; text-align: justify;" start="16" type="1">
<li>W szczególny sposób powierza się członkom Rady opiekę nad majątkiem parafialnym w nadzwyczajnych okolicznościach:</li>
</ol>
<ol style="font-size: medium; text-align: justify;" type="a">
<li>w razie śmierci proboszcza lub gdy zachodzi inna poważna przeszkoda z jego strony, a w parafii nie ma formalnego zastępcy, radni niezwłocznie powiadamiają dziekana;</li>
<li>podobnie w przypadkach losowych, jak pożar, kradzież itp., zaistniałych podczas nieobecności proboszcza, członkowie Rady powinni otoczyć szczególną opieką i troską dobra materialne i podjąć w imieniu proboszcza właściwe działania zabezpieczające.</li>
</ol>
<ol style="font-size: medium;" start="17" type="1">
<li style="text-align: justify;">Różnice stanowisk, które mogą powstać między proboszczem a członkami Rady, rozstrzyga dziekan jako instancja nadrzędna, Kuria Diecezjalna zaś jako instancja ostateczna.</li>
</ol>

<p>Członkowie Rady Gospodarczej Parafii św. Stanisława Kostki w Smardzewie – 2017 rok Banasiewicz  Marek Cendrowska Ewa Dalgiewicz  Elżbieta Długołęcka Elżbieta Drogosz Wiesław Geller Bożena Gierkowski Wiesław Grabowski Grzegorz Morawski Krzysztof Piotrowska Marta Rachocka Maria Sikorski Zbigniew Sosińska Hanna Szcześniewski  Bogdan Szcześniewski  Józef Wiktorowicz Jadwiga &nbsp; &nbsp; STATUT PARAFIALNEJ RADY GOSPODARCZEJ Powołanie Rady W każdej parafii proboszcz &hellip; </p>
<p><a class="more-link btn" href="https://parafiasmardzewo.pl/?page_id=3201">Kontynuuj czytanie</a></p>
