{"id":35,"date":"2016-02-05T16:19:15","date_gmt":"2016-02-05T16:19:15","guid":{"rendered":"http:\/\/parafiasmardzewo.pl\/?page_id=35"},"modified":"2017-03-10T22:09:19","modified_gmt":"2017-03-10T21:09:19","slug":"rada-duszpastersko-gospodarcza","status":"publish","type":"page","link":"https:\/\/parafiasmardzewo.pl\/?page_id=35","title":{"rendered":"Rada Duszpasterska"},"content":{"rendered":"<p style=\"text-align: center;\"><span style=\"font-size: large;\"><b>Cz\u0142onkowie Rady Duszpasterskiej Parafii \u015bw. Stanis\u0142awa Kostki <\/b><\/span><\/p>\n<p style=\"text-align: center;\"><span style=\"font-size: large;\"><b>w Smardzewie \u2013 2017 rok<\/b><\/span><\/p>\n<ol style=\"font-size: medium;\">\n<li>Bluszcz Janusz<\/li>\n<li>Bluszcz Renata<\/li>\n<li>Chojnacka Bo\u017cena<\/li>\n<li>Cichocka Katarzyna<\/li>\n<li>Ko\u0142odziejczyk Jadwiga<\/li>\n<li>Kosobudzka Karolina<\/li>\n<li>Kucharzak Jacek<\/li>\n<li>Kwiatkowska Lilla<\/li>\n<li>M\u0105czy\u0144ska Wioletta<\/li>\n<li>Skwarska Joanna<\/li>\n<li>Sta\u0144czak Witold<\/li>\n<li>Zieli\u0144ska Jolanta<\/li>\n<\/ol>\n<p>&nbsp;<\/p>\n<p style=\"text-align: center;\"><span style=\"font-size: x-large;\"><b>STATUT PARAFIALNEJ RADY DUSZPASTERSKIEJ<\/b><\/span><\/p>\n<ol style=\"font-size: medium;\" type=\"I\">\n<li>Powo\u0142anie Rady<\/li>\n<\/ol>\n<ol style=\"font-size: small;\" type=\"1\">\n<li>Stosownie do dekretu Biskupa P\u0142ockiego z dnia 4.X 1989r., proboszcz ka\u017cdej parafii ma obowi\u0105zek powo\u0142ania Parafialnej Rady Duszpasterskiej.<\/li>\n<li>Zadaniem Parafialnej Rady Duszpasterskiej jest wspomaganie proboszcza w dzia\u0142alno\u015bci duszpasterskiej.<\/li>\n<li>W sk\u0142ad Parafialnej Rady Duszpasterskiej wchodz\u0105 z urz\u0119du: rektorzy ko\u015bcio\u0142\u00f3w, wikariusze parafialni i katecheci. Ponadto w sk\u0142ad Rady wchodz\u0105 przedstawiciele instytut\u00f3w \u017cycia konsekrowanego, stowarzysze\u0144 \u017cycia apostolskiego oraz wiernych \u015bwieckich odznaczaj\u0105cych si\u0119 wysokim poziomem moralnym, roztropno\u015bci\u0105 i zaanga\u017cowaniem apostolskim w parafii.<\/li>\n<li>Sk\u0142ad Parafialnej Rady Duszpasterskiej winien odzwierciedla\u0107 struktur\u0119 religijno-spo\u0142eczn\u0105 parafii z uwzgl\u0119dnieniem stanu, zawodu, wieku i terytorium parafii.<\/li>\n<li>Ilo\u015b\u0107 cz\u0142onk\u00f3w Rady winna by\u0107 dostosowana do wielko\u015bci i potrzeb parafii, nie mo\u017ce jednak liczy\u0107 mniej ni\u017c dziesi\u0119\u0107 i nie wi\u0119cej ni\u017c trzydzie\u015bci os\u00f3b.<\/li>\n<li>Cz\u0142onk\u00f3w Parafialnej Rady Duszpasterskiej, kt\u00f3rzy nie wchodz\u0105 w jej sk\u0142ad z urz\u0119du (zob. p. 3) powo\u0142uje proboszcz, na podstawie w\u0142asnego rozeznania i potrzeb parafii, po uprzedniej konsultacji ze swoimi wsp\u00f3\u0142pracownikami. Wiernych \u015bwieckich mo\u017ce te\u017c powo\u0142ywa\u0107 w drodze wyboru przez parafian; dokonany wyb\u00f3r wymaga zatwierdzenia przez proboszcza.<\/li>\n<li>Powo\u0142anemu cz\u0142onkowi Parafialnej Rady Duszpasterskiej proboszcz wystawia nominacj\u0119, kt\u00f3r\u0105 podpisuje proboszcz i dziekan. Nominacj\u0119 wystawia si\u0119 w nast\u0119puj\u0105cym brzmieniu:<em>W oparciu o p. 15 Statutu Parafialnej Rady Duszpasterskiej, zatwierdzonego przez Biskupa P\u0142ockiego w dniu 4 X 1989 r., niniejszym powo\u0142uj\u0119 na cz\u0142onka Parafialnej Rady<\/em><br \/>\n<em>Duszpasterskiej parafii\u2026\u2026\u2026\u2026\u2026.w dekanacie\u2026\u2026\u2026\u2026\u2026\u2026\u2026\u2026\u2026.<\/em><br \/>\n<em>\u017bycz\u0119 b\u0142ogos\u0142awie\u0144stwa Bo\u017cego w pe\u0142nieniu tej funkcji dla dobra Wsp\u00f3lnoty Parafialnej\u201d.<\/em><br \/>\n<em>Dnia\u2026\u2026\u2026\u2026\u2026\u2026\u2026\u2026\u2026\u2026.<\/em><br \/>\n<em>podpis dziekana\u2026\u2026\u2026\u2026\u2026\u2026\u2026\u2026\u2026. podpis proboszcza\u2026\u2026\u2026\u2026\u2026\u2026\u2026\u2026\u2026.<\/em><\/li>\n<li>Ustalony przez proboszcza sk\u0142ad Rady zatwierdza dziekan, za\u015b dla parafii dzieka\u0144skich jednostk\u0105 nadrz\u0119dn\u0105 jest Kuria Diecezjalna.<\/li>\n<li>Przed obj\u0119ciem funkcji cz\u0142onkowie Rady obowi\u0105zani s\u0105 z\u0142o\u017cy\u0107 na r\u0119ce proboszcza, podczas Mszy \u015bwi\u0119tej niedzielnej, nast\u0119puj\u0105ce przyrzeczenie: ?Ja N.N. przyrzekam Bogu Wszechmog\u0105cemu, w Tr\u00f3jcy \u015awi\u0119tej Jedynemu, \u017ce powierzon\u0105 mi funkcj\u0119 cz\u0142onka Rady Duszpasterskiej b\u0119d\u0119 spe\u0142nia\u0142 wed\u0142ug najlepszej swej woli, zgodnie z moim sumieniem i przepisami prawa ko\u015bcielnego. Tak mi dopom\u00f3\u017c B\u00f3g\u201d.<br \/>\nPrzysi\u0119g\u0119 t\u0119 wypowiada si\u0119, dotykaj\u0105c Ewangelii i nast\u0119pnie ca\u0142uj\u0105c j\u0105.<\/li>\n<li>\u00a7 1. Kadencja Rady trwa pi\u0119\u0107 lat. Ci sami cz\u0142onkowie mog\u0105 by\u0107<br \/>\npowo\u0142ywani na nast\u0119pne kadencje.<br \/>\n\u00a7 2. W nadzwyczajnych i uzasadnionych przypadkach proboszcz mo\u017ce odwo\u0142a\u0107 cz\u0142onka Rady, zawiadamiaj\u0105c dziekana i uzasadniaj\u0105c wobec niego swoj\u0105 decyzj\u0119.<br \/>\n\u00a7 3. Na rozwi\u0105zanie Rady przed up\u0142ywem jej kadencji proboszcz powinien uzyska\u0107 pisemn\u0105 zgod\u0119 dziekana.<\/li>\n<li>Dopuszcza si\u0119 mo\u017cliwo\u015b\u0107 uzupe\u0142nienia sk\u0142adu Parafialnej Rady Duszpasterskiej o nowych cz\u0142onk\u00f3w w czasie trwania jej kadencji.<\/li>\n<li>Dzia\u0142alno\u015b\u0107 Rady ustaje po kanonicznym obj\u0119ciu parafii przez nowego proboszcza, kt\u00f3ry powinien b\u0105d\u017a potwierdzi\u0107 Rad\u0119 dotychczasow\u0105, b\u0105d\u017a powo\u0142a\u0107 now\u0105 w ci\u0105gu sze\u015bciu miesi\u0119cy.<\/li>\n<\/ol>\n<ol style=\"font-size: medium;\" start=\"2\" type=\"I\">\n<li>Kompetencje i dzia\u0142alno\u015b\u0107 Rady<\/li>\n<\/ol>\n<ol style=\"font-size: small;\" type=\"1\">\n<li>Parafialna Rada Duszpasterska, jako zwyczajna forma oddzia\u0142ywania apostolskiego w parafii jest organem doradczym i wspomagaj\u0105cym proboszcza w dzia\u0142alno\u015bci duszpasterskiej (por. kan. 536 \u00a7\u00a7 1-2 KPK).<\/li>\n<li>Do kompetencji Parafialnej Rady Duszpasterskiej nale\u017c\u0105 wy\u0142\u0105cznie sprawy duszpasterskie.<\/li>\n<li>Dzia\u0142alno\u015b\u0107 Parafialnej Rady Duszpasterskiej wyra\u017ca si\u0119 w pracy nad pog\u0142\u0119bianiem religijnej \u015bwiadomo\u015bci parafian i budzeniu postawy odpowiedzialno\u015bci za parafi\u0119 jako wsp\u00f3lnot\u0119, w trosce o wychowanie chrze\u015bcija\u0144skie, kult i wymiar spo\u0142eczny Ewangelii, a tak\u017ce w budzeniu i rozwijaniu inicjatyw apostolskich w\u015br\u00f3d parafian, wyra\u017caniu opinii w sprawach parafii oraz wysuwaniu propozycji i wniosk\u00f3w, dotycz\u0105cych doskonalenia pracy duszpasterskiej w parafii.<\/li>\n<li>Do proboszcza nale\u017cy zwo\u0142ywanie Rady, przewodniczenie jej posiedzeniom, ustalenie porz\u0105dku obrad, nadz\u00f3r nad wykonaniem podj\u0119tych ustale\u0144 oraz reprezentowanie Rady.<\/li>\n<li>Posiedzenia Parafialnej Rady Duszpasterskiej winny si\u0119 odbywa\u0107 przynajmniej dwa razy w roku.<\/li>\n<li>Wszyscy cz\u0142onkowie Rady powinni by\u0107 powiadomieni o jej posiedzeniu.<\/li>\n<li>Obrady odbywaj\u0105 si\u0119 w urz\u0119dowych pomieszczeniach parafii.<\/li>\n<li>Rada winna wybra\u0107 spo\u015br\u00f3d swoich cz\u0142onk\u00f3w sekretarza, do kt\u00f3rego nale\u017cy sporz\u0105dzanie protok\u00f3\u0142\u00f3w z poszczeg\u00f3lnych posiedze\u0144.<\/li>\n<li>Ksi\u0119g\u0119 protok\u00f3\u0142\u00f3w przechowuje si\u0119 w Archiwum Parafialnym i podlega ona wizytacji biskupiej i dzieka\u0144skiej.<\/li>\n<li>Proboszcz przekazuje wsp\u00f3lnocie parafialnej informacje z posiedze\u0144 Parafialnej Rady Duszpasterskiej.<\/li>\n<li>R\u00f3\u017cnice stanowisk, jakie mog\u0105 powsta\u0107 pomi\u0119dzy proboszczem a cz\u0142onkami Rady, rozstrzyga dziekan jako instancja nadrz\u0119dna, za\u015b Kuria Diecezjalna jako instancja wy\u017csza.<\/li>\n<\/ol>\n","protected":false},"excerpt":{"rendered":"<p>Cz\u0142onkowie Rady Duszpasterskiej Parafii \u015bw. Stanis\u0142awa Kostki w Smardzewie \u2013 2017 rok Bluszcz Janusz Bluszcz Renata Chojnacka Bo\u017cena Cichocka Katarzyna Ko\u0142odziejczyk Jadwiga Kosobudzka Karolina Kucharzak Jacek Kwiatkowska Lilla M\u0105czy\u0144ska Wioletta Skwarska Joanna Sta\u0144czak Witold Zieli\u0144ska Jolanta &nbsp; STATUT PARAFIALNEJ RADY DUSZPASTERSKIEJ Powo\u0142anie Rady Stosownie do dekretu Biskupa P\u0142ockiego z dnia 4.X 1989r., proboszcz ka\u017cdej parafii &hellip; <\/p>\n<p><a class=\"more-link btn\" href=\"https:\/\/parafiasmardzewo.pl\/?page_id=35\">Kontynuuj czytanie<\/a><\/p>\n","protected":false},"author":1,"featured_media":0,"parent":9,"menu_order":0,"comment_status":"open","ping_status":"open","template":"","meta":[],"_links":{"self":[{"href":"https:\/\/parafiasmardzewo.pl\/index.php?rest_route=\/wp\/v2\/pages\/35"}],"collection":[{"href":"https:\/\/parafiasmardzewo.pl\/index.php?rest_route=\/wp\/v2\/pages"}],"about":[{"href":"https:\/\/parafiasmardzewo.pl\/index.php?rest_route=\/wp\/v2\/types\/page"}],"author":[{"embeddable":true,"href":"https:\/\/parafiasmardzewo.pl\/index.php?rest_route=\/wp\/v2\/users\/1"}],"replies":[{"embeddable":true,"href":"https:\/\/parafiasmardzewo.pl\/index.php?rest_route=%2Fwp%2Fv2%2Fcomments&post=35"}],"version-history":[{"count":22,"href":"https:\/\/parafiasmardzewo.pl\/index.php?rest_route=\/wp\/v2\/pages\/35\/revisions"}],"predecessor-version":[{"id":3286,"href":"https:\/\/parafiasmardzewo.pl\/index.php?rest_route=\/wp\/v2\/pages\/35\/revisions\/3286"}],"up":[{"embeddable":true,"href":"https:\/\/parafiasmardzewo.pl\/index.php?rest_route=\/wp\/v2\/pages\/9"}],"wp:attachment":[{"href":"https:\/\/parafiasmardzewo.pl\/index.php?rest_route=%2Fwp%2Fv2%2Fmedia&parent=35"}],"curies":[{"name":"wp","href":"https:\/\/api.w.org\/{rel}","templated":true}]}}