{"id":9033,"date":"2023-08-07T17:21:36","date_gmt":"2023-08-07T15:21:36","guid":{"rendered":"https:\/\/parafiasmardzewo.pl\/?page_id=9033"},"modified":"2023-08-07T17:21:36","modified_gmt":"2023-08-07T15:21:36","slug":"xl-warminska-pielgrzymka-piesza-na-jasna-gore-04-viii","status":"publish","type":"page","link":"https:\/\/parafiasmardzewo.pl\/?page_id=9033","title":{"rendered":"XL warmi\u0144ska pielgrzymka piesza na Jasn\u0105 G\u00f3r\u0119 (04 VIII)"},"content":{"rendered":"","protected":false},"excerpt":{"rendered":"","protected":false},"author":1,"featured_media":9028,"parent":8644,"menu_order":5,"comment_status":"closed","ping_status":"closed","template":"","meta":[],"_links":{"self":[{"href":"https:\/\/parafiasmardzewo.pl\/index.php?rest_route=\/wp\/v2\/pages\/9033"}],"collection":[{"href":"https:\/\/parafiasmardzewo.pl\/index.php?rest_route=\/wp\/v2\/pages"}],"about":[{"href":"https:\/\/parafiasmardzewo.pl\/index.php?rest_route=\/wp\/v2\/types\/page"}],"author":[{"embeddable":true,"href":"https:\/\/parafiasmardzewo.pl\/index.php?rest_route=\/wp\/v2\/users\/1"}],"replies":[{"embeddable":true,"href":"https:\/\/parafiasmardzewo.pl\/index.php?rest_route=%2Fwp%2Fv2%2Fcomments&post=9033"}],"version-history":[{"count":1,"href":"https:\/\/parafiasmardzewo.pl\/index.php?rest_route=\/wp\/v2\/pages\/9033\/revisions"}],"predecessor-version":[{"id":9034,"href":"https:\/\/parafiasmardzewo.pl\/index.php?rest_route=\/wp\/v2\/pages\/9033\/revisions\/9034"}],"up":[{"embeddable":true,"href":"https:\/\/parafiasmardzewo.pl\/index.php?rest_route=\/wp\/v2\/pages\/8644"}],"wp:featuredmedia":[{"embeddable":true,"href":"https:\/\/parafiasmardzewo.pl\/index.php?rest_route=\/wp\/v2\/media\/9028"}],"wp:attachment":[{"href":"https:\/\/parafiasmardzewo.pl\/index.php?rest_route=%2Fwp%2Fv2%2Fmedia&parent=9033"}],"curies":[{"name":"wp","href":"https:\/\/api.w.org\/{rel}","templated":true}]}}

XL warmińska pielgrzymka piesza na Jasną Górę (04 VIII)
