{"id":93,"date":"2016-02-07T09:30:44","date_gmt":"2016-02-07T09:30:44","guid":{"rendered":"http:\/\/parafiasmardzewo.pl\/?page_id=93"},"modified":"2016-11-27T11:25:22","modified_gmt":"2016-11-27T10:25:22","slug":"sakrament-chrztu-swietego","status":"publish","type":"page","link":"https:\/\/parafiasmardzewo.pl\/?page_id=93","title":{"rendered":"Sakrament Chrztu \u015awi\u0119tego"},"content":{"rendered":"<p style=\"text-align: justify;\"><script type=\"text\/javascript\">\/\/ <![CDATA[\nfunction pokarz(co) {\nvar liczbaPaneli = 8;\n     do {\n            var panel = document.getElementById(\"o\"+liczbaPaneli);\n            if (co == liczbaPaneli)\n                 panel.style.display = \"initial\";\n            else\n                 panel.style.display = \"none\";\n         liczbaPaneli--;\n     }\n     while (liczbaPaneli>0)\n  }\n\/\/ ]]><\/script><\/p>\n<p style=\"text-align: justify;\"><a href=\"http:\/\/parafiasmardzewo.pl\/wp-content\/uploads\/2016\/02\/chrzest.jpg\"><img loading=\"lazy\" class=\"alignnone size-medium wp-image-219\" src=\"http:\/\/parafiasmardzewo.pl\/wp-content\/uploads\/2016\/02\/chrzest-300x185.jpg\" alt=\"\" width=\"300\" height=\"185\" \/><\/a><\/p>\n<h3 style=\"text-align: justify;\" align=\"center\">Jezus powiedzia\u0142 do Aposto\u0142\u00f3w: &#8220;Id\u017acie wiec i\u00a0nauczajcie wszystkie narody, udzielaj\u0105c im chrztu w\u00a0imi\u0119 Ojca i\u00a0Syna, i\u00a0Ducha \u015awi\u0119tego\u201d (Mt 28, 19). Przez chrzest cz\u0142owiek rodzi si\u0119 do \u017cycia Bo\u017cego. Chrzest jest Pasch\u0105, czyli przej\u015bciem ze stanu \u015bmierci grzechu do \u017cycia w\u00a0\u0142asce, z\u00a0niewoli szatana do wolno\u015bci dzieci Bo\u017cych. Chrzest w\u0142\u0105cza do wsp\u00f3lnoty Ko\u015bcio\u0142a &#8211; Cia\u0142a Mistycznego Chrystusa &#8211; obdarza nadziej\u0105 i\u00a0mi\u0142o\u015bci\u0105 i\u00a0otwiera drog\u0119 do nieba. Zewn\u0119trznym znakiem chrztu jest polanie wod\u0105 g\u0142owy przyjmuj\u0105cego sakrament i\u00a0wym\u00f3wienie s\u0142\u00f3w: \u201eJa ciebie chrzcz\u0119 w\u00a0imi\u0119 Ojca i\u00a0Syna i\u00a0Ducha \u015awi\u0119tego\u201d. W\u0142a\u015bciwym miejscem udzielania chrztu jest Ko\u015bci\u00f3\u0142 parafialny, a\u00a0w\u0142a\u015bciwym czasem sprawowania tego sakramentu \u2013 niedzielna Msza \u015awi\u0119ta. Je\u015bliby prezbiter lub diakon by\u0142 nieobecny, a\u00a0\u017cyciu dziecka zagra\u017ca\u0142o niebezpiecze\u0144stwo (np. w\u00a0szpitalu), chrztu udzieli\u0107 mo\u017ce ka\u017cdy cz\u0142owiek, kieruj\u0105cy si\u0119 w\u0142a\u015bciw\u0105 intencj\u0105. Taki chrzest jest wa\u017cny, trzeba go potem zg\u0142osi\u0107 w\u00a0kancelarii parafialnej oraz dope\u0142ni\u0107 obrz\u0119d\u00f3w sakramentalnych w\u00a0Ko\u015bciele.<\/h3>\n<h3 style=\"text-align: justify;\"><\/h3>\n<h3 style=\"text-align: justify;\"><b>Potrzebne dokumenty:<\/b><\/h3>\n<ul style=\"text-align: justify;\">\n<li>\n<h3>akt urodzenia dziecka (odpis);<\/h3>\n<\/li>\n<li>\n<h3>dowody osobiste rodzic\u00f3w;<\/h3>\n<\/li>\n<li>\n<h3>wyci\u0105g z\u00a0aktu \u015blubu ko\u015bcielnego rodzic\u00f3w (\u015bwiadectwo \u015blubu);<\/h3>\n<\/li>\n<li>\n<h3>dane o\u00a0rodzicach chrzestnych (imiona, nazwiska, wiek, adres zamieszkania);<\/h3>\n<\/li>\n<li>\n<h3>za\u015bwiadczenia z\u00a0parafii zamieszkania rodzic\u00f3w chrzestnych o\u00a0praktykowaniu wiary;<\/h3>\n<\/li>\n<li>\n<h3>przed chrztem zar\u00f3wno rodzice (o ile stan prawny im na to pozwala) jak i\u00a0rodzice chrzestni powinni przyst\u0105pi\u0107 do sakramentu pojednania i\u00a0przyj\u0105\u0107 Komuni\u0119 \u015bw. w\u00a0intencji dziecka;<\/h3>\n<\/li>\n<li>\n<h3>przed chrztem rodzice i\u00a0chrzestni powinni uczestniczy\u0107 w\u00a0konferencji liturgicznej.<\/h3>\n<\/li>\n<\/ul>\n<div id=\"o8\" style=\"display: none;\">\n<p style=\"text-align: justify;\" align=\"justify\"><b>1275<\/b> <i>Wtajemniczenie chrze\u015bcija\u0144skie dokonuje si\u0119 przez trzy sakramenty: chrzest, kt\u00f3ry jest pocz\u0105tkiem nowego \u017cycia; bierzmowanie, kt\u00f3re jest jego umocnieniem, i Eucharysti\u0119, kt\u00f3ra karmi ucznia Cia\u0142em i Krwi\u0105 Chrystusa, by przekszta\u0142ci\u0107 go w Niego.<\/i><\/p>\n<p style=\"text-align: justify;\" align=\"justify\"><b>1276<\/b> <i>\u201eId\u017acie wi\u0119c i nauczajcie wszystkie narody, udzielaj\u0105c im chrztu w imi\u0119 Ojca i Syna, i Ducha \u015awi\u0119tego. Uczcie je zachowywa\u0107 wszystko, co wam przykaza\u0142em\u201d (Mt 28,19-20).<\/i><\/p>\n<p style=\"text-align: justify;\" align=\"justify\"><b>1277<\/b><i> Chrzest jest narodzeniem do nowego \u017cycia w Chrystusie. Zgodnie z wol\u0105 Pana jest on konieczny do zbawienia, tak jak Ko\u015bci\u00f3\u0142, do kt\u00f3rego chrzest wprowadza.<\/i><\/p>\n<p style=\"text-align: justify;\" align=\"justify\"><b>1278<\/b><i> Istotny obrz\u0119d chrztu polega na zanurzeniu kandydata w wodzie lub polaniu wod\u0105 jego g\u0142owy z r\u00f3wnoczesnym wezwaniem Tr\u00f3jcy \u015awi\u0119tej, to znaczy Ojca, Syna i Ducha \u015awi\u0119tego.<\/i><\/p>\n<p style=\"text-align: justify;\" align=\"justify\"><b>1279<\/b> <i>Skutek chrztu lub \u0142aski chrzcielnej jest bardzo bogat\u0105 rzeczywisto\u015bci\u0105. Obejmuje ona: odpuszczenie grzechu pierworodnego i wszystkich grzech\u00f3w osobistych, narodzenie do nowego \u017cycia, przez kt\u00f3re cz\u0142owiek staje si\u0119 przybranym synem Ojca, cz\u0142onkiem Chrystusa, \u015bwi\u0105tyni\u0105 Ducha \u015awi\u0119tego. Przez fakt przyj\u0119cia tego sakramentu ochrzczony jest w\u0142\u0105czony w Ko\u015bci\u00f3\u0142, Cia\u0142o Chrystusa, i staje si\u0119 uczestnikiem kap\u0142a\u0144stwa Chrystusa.<\/i><\/p>\n<p style=\"text-align: justify;\"><b>1280<\/b> <i>Chrzest wyciska w duszy niezatarte duchowe znami\u0119, \u201echarakter\u201d, kt\u00f3ry konsekruje ochrzczonego do uczestniczenia w chrze\u015bcija\u0144skim kulcie religijnym. Z racji \u201echarakteru\u201d chrzest nie mo\u017ce by\u0107 powt\u00f3rzony<\/i>.<\/p>\n<p style=\"text-align: justify;\"><strong>1281<\/strong><i> Ci, kt\u00f3rzy ponosz\u0105 \u015bmier\u0107 z powodu wiary, katechumeni i wszyscy ludzie, kt\u00f3rzy pod wp\u0142ywem \u0142aski, nie znaj\u0105c Ko\u015bcio\u0142a, szczerze szukaj\u0105 Boga i staraj\u0105 si\u0119 pe\u0142ni\u0107 Jego wol\u0119,<\/i><em>mog\u0105 by\u0107<\/em><i> zbawieni, chocia\u017c nie przyj\u0119li chrztu<\/i>.<\/p>\n<p style=\"text-align: justify;\" align=\"justify\"><b>1282 <\/b><i>Od najdawniejszych czas\u00f3w chrzest jest udzielany dzieciom, poniewa\u017c jest \u0142ask\u0105 i darem Bo\u017cym, kt\u00f3re nie zak\u0142adaj\u0105 ludzkich zas\u0142ug. Dzieci s\u0105 chrzczone w wierze Ko\u015bcio\u0142a. Wej\u015bcie w \u017cycie chrze\u015bcija\u0144skie daje dost\u0119p do prawdziwej wolno\u015bci.<\/i><\/p>\n<p style=\"text-align: justify;\" align=\"justify\"><b>1283<\/b> <i>Je\u015bli chodzi o dzieci zmar\u0142e bez chrztu, to liturgia Ko\u015bcio\u0142a zach\u0119ca nas do ufno\u015bci w mi\u0142osierdzie Bo\u017ce i do modlitwy o ich zbawienie.<\/i><\/p>\n<p style=\"text-align: justify;\" align=\"justify\"><b>1284<\/b> <i>W razie konieczno\u015bci ka\u017cda osoba mo\u017ce udzieli\u0107 chrztu, pod warunkiem \u017ce ma intencj\u0119 uczynienia tego, co czyni Ko\u015bci\u00f3\u0142, i poleje wod\u0105 g\u0142ow\u0119 kandydata, m\u00f3wi\u0105c: \u201eJa ciebie chrzcz\u0119 w imi\u0119 Ojca i Syna, i Ducha \u015awi\u0119tego\u201d.<\/i><\/p>\n<\/div>\n","protected":false},"excerpt":{"rendered":"<p>Jezus powiedzia\u0142 do Aposto\u0142\u00f3w: &#8220;Id\u017acie wiec i\u00a0nauczajcie wszystkie narody, udzielaj\u0105c im chrztu w\u00a0imi\u0119 Ojca i\u00a0Syna, i\u00a0Ducha \u015awi\u0119tego\u201d (Mt 28, 19). Przez chrzest cz\u0142owiek rodzi si\u0119 do \u017cycia Bo\u017cego. Chrzest jest Pasch\u0105, czyli przej\u015bciem ze stanu \u015bmierci grzechu do \u017cycia w\u00a0\u0142asce, z\u00a0niewoli szatana do wolno\u015bci dzieci Bo\u017cych. Chrzest w\u0142\u0105cza do wsp\u00f3lnoty Ko\u015bcio\u0142a &#8211; Cia\u0142a Mistycznego Chrystusa &hellip; <\/p>\n<p><a class=\"more-link btn\" href=\"https:\/\/parafiasmardzewo.pl\/?page_id=93\">Kontynuuj czytanie<\/a><\/p>\n","protected":false},"author":1,"featured_media":219,"parent":90,"menu_order":1,"comment_status":"closed","ping_status":"closed","template":"","meta":[],"_links":{"self":[{"href":"https:\/\/parafiasmardzewo.pl\/index.php?rest_route=\/wp\/v2\/pages\/93"}],"collection":[{"href":"https:\/\/parafiasmardzewo.pl\/index.php?rest_route=\/wp\/v2\/pages"}],"about":[{"href":"https:\/\/parafiasmardzewo.pl\/index.php?rest_route=\/wp\/v2\/types\/page"}],"author":[{"embeddable":true,"href":"https:\/\/parafiasmardzewo.pl\/index.php?rest_route=\/wp\/v2\/users\/1"}],"replies":[{"embeddable":true,"href":"https:\/\/parafiasmardzewo.pl\/index.php?rest_route=%2Fwp%2Fv2%2Fcomments&post=93"}],"version-history":[{"count":10,"href":"https:\/\/parafiasmardzewo.pl\/index.php?rest_route=\/wp\/v2\/pages\/93\/revisions"}],"predecessor-version":[{"id":2974,"href":"https:\/\/parafiasmardzewo.pl\/index.php?rest_route=\/wp\/v2\/pages\/93\/revisions\/2974"}],"up":[{"embeddable":true,"href":"https:\/\/parafiasmardzewo.pl\/index.php?rest_route=\/wp\/v2\/pages\/90"}],"wp:featuredmedia":[{"embeddable":true,"href":"https:\/\/parafiasmardzewo.pl\/index.php?rest_route=\/wp\/v2\/media\/219"}],"wp:attachment":[{"href":"https:\/\/parafiasmardzewo.pl\/index.php?rest_route=%2Fwp%2Fv2%2Fmedia&parent=93"}],"curies":[{"name":"wp","href":"https:\/\/api.w.org\/{rel}","templated":true}]}}